e factors of h?
2, 59
Suppose 0 = 11*g - 7*g - 3884. Suppose 2430 = 5*d - 3*r, -2*d = 12*r - 13*r - g. List the prime factors of d.
3, 7, 23
Let y(h) be the first derivative of -2*h**3/3 - 11*h**2/2 + h - 19. Let c be y(6). Let a = -133 - c. What are the prime factors of a?
2
Let a(h) = -4*h + 6. Let t be a(-6). List the prime factors of (-2 - 0/(-2)) + t + 95.
3, 41
Let l = 1124 - -1322. What are the prime factors of l?
2, 1223
Let c = -233 + 328. Let l = -69 + c. What are the prime factors of l?
2, 13
Let p(a) = 3 - 10 + 25 - 20*a + 26. List the prime factors of p(-10).
2, 61
Let n(d) = -228*d - 397. What are the prime factors of n(-8)?
1427
Let v(o) = -36293*o**3 - 25*o**2 - 31*o - 6. List the prime factors of v(-1).
36293
Let h = -832 + 1547. List the prime factors of h/33*(-3)/(-5).
13
Suppose -8*x + 11 = -21. Suppose 5*d - 1860 = -5*c - 0*c, 0 = 4*c - x. What are the prime factors of d?
7, 53
Suppose 1870 = 5*q - 5*k, -3*k + 1503 = -0*q + 4*q. Suppose 7*f = w + 4*f - 71, -5*w - 5*f + q = 0. What are the prime factors of w?
2, 37
Suppose -o - 2*w = -61, -150 = -6*o + 3*o + 5*w. Let f be 10/o + (-168)/(-44). Suppose 0 = -a + 3, -444 = -f*l + 5*a - a. List the prime factors of l.
2, 3, 19
What are the prime factors of 6 - 5/((-80)/496576)?
2, 11, 17, 83
Let t(h) = 6*h**3 + 4*h**2 - 7*h - 10. Let s be t(6). Suppose 1116 = 4*u + 2*b, -b = -u - 4*u + s. What are the prime factors of u?
2, 139
Suppose -3*o = -i - 2*i + 24, 0 = -2*i + 4*o + 14. Suppose 5*a + 5*z = 1635, a + 5*z - 307 = i*z. What are the prime factors of a?
17, 19
Suppose 0 = 7*n - 4*n - 6. Let i be 12*(248/(-6))/(-4). Suppose -n*a + 3*a = i. What are the prime factors of a?
2, 31
Let k be ((-2)/4)/(10/(-100)). Suppose 5*c = k*p + 2180, 2*c = -4*p + 284 + 606. What are the prime factors of c?
439
Let b(f) = 13*f - 2. Let m be b(0). List the prime factors of 4/(-8)*7*(-70 - m).
2, 7, 17
Let l(b) = -8*b + 124. Let x be l(13). What are the prime factors of (0 - 4/5)*(-26350)/x?
2, 17, 31
Let g = 3429 - -1139. What are the prime factors of g?
2, 571
Let k(a) = -931*a - 422. Let p be k(-20). Suppose -p = -11*g + 612. What are the prime factors of g?
2, 3, 5, 19
Suppose 119*r = p + 117*r - 54689, -164068 = -3*p + 5*r. What are the prime factors of p?
7, 13, 601
Let s(b) = 488*b**2 - 617*b - 4271. What are the prime factors of s(-7)?
2, 5, 599
Let m(p) = 3*p**3 - 7*p**2 - 4*p + 35. Let z be m(7). Let h = z + -41. List the prime factors of h.
2, 163
List the prime factors of (2674/(-35))/(32/20 - 2).
191
Let l(a) = -a**2 - 241*a - 109. List the prime factors of l(-79).
12689
Let o = 54066 + -32767. What are the prime factors of o?
19, 59
Let o(a) = a - 2. Let y be o(-3). Let f be -4 - 6/(-1) - y. Suppose -3*g = -f*g + 340. List the prime factors of g.
5, 17
Let r be 234/(-3)*(-4)/6. Let v(x) = 3*x**2 - 8*x - 3. Let q be v(0). Let u = r + q. What are the prime factors of u?
7
Let g be 11/33*3*1. Let d be (0 + 0 - 0)/g. Suppose u + 15 - 134 = d. What are the prime factors of u?
7, 17
Suppose -x - 6 = x. Suppose -g + 11 = 5*z, 92*g + 16 = 88*g. What are the prime factors of z - x/(-3)*-104?
107
Let d be ((-2)/8 + -2)*432. Let r = -476 - d. List the prime factors of r.
2, 31
Let d(v) = v - 3. Let h be d(6). Let q(x) be the second derivative of x**5/5 + x**4/4 - 5*x**3/6 + 5*x**2 - 8*x. List the prime factors of q(h).
2, 5, 13
Let i(z) = -23*z**3 + 2*z**2 - 7*z - 71. What are the prime factors of i(-9)?
16921
Suppose -1981014 = 122*r - 8714072. List the prime factors of r.
229, 241
List the prime factors of -3 - -2 - (4 - 2) - -324.
3, 107
Suppose -3*t + 426 = 33. Suppose 133*u = t*u + 804. List the prime factors of u.
2, 3, 67
Suppose i = -1, 2*i + 27 = 5*k - 0. Suppose -5*b = -m - 2157 - 148, 487 = b + k*m. List the prime factors of b.
2, 3, 7, 11
Suppose 8 = -2*q - 4. Let h be q/(-4)*4/3. Suppose 5*d = 2*y - 116, h*d - 57 - 175 = -5*y. List the prime factors of y.
2, 3
Let b(g) = g + 2*g - 3 + g - 5*g. Let v be b(-9). Suppose -132 = 3*t - v*t. What are the prime factors of t?
2, 11
Suppose -4*w = -2*w - 180. Let v = w + 129. Suppose 0 = -4*n + 157 + v. List the prime factors of n.
2, 47
Let p = 10 - 88. What are the prime factors of (18/(-4))/(1/p)?
3, 13
Suppose -7*l - 19*l + 46046 = 0. What are the prime factors of l?
7, 11, 23
Suppose h = -5*k + 13712, -3*h - 91*k = -96*k - 41016. List the prime factors of h.
2, 6841
Let c = -1868 - -1887. Let n(t) = 5*t + 18 + t**2 - 3*t - 6*t - 4*t. What are the prime factors of n(c)?
227
List the prime factors of -5 - (-23)/(253/39556).
3, 7, 19
Let j = 936 - -480. Let d = -534 + j. List the prime factors of d.
2, 3, 7
Suppose -36 = -4*o + 12. Let v = -39 + o. List the prime factors of -1 - 9/(v/174).
3, 19
Let m(h) = 9*h + 142 - 129 + 15*h. Let v be m(-6). Let u = -80 - v. List the prime factors of u.
3, 17
Let n(z) = -7 + 23 + 3*z - 8 - 12. Let i be n(-1). What are the prime factors of (-249)/(-6)*(-14)/i?
83
Let y = -303 - -304. Let o(g) = 431*g - 25. What are the prime factors of o(y)?
2, 7, 29
Let t = 200 - 200. Suppose t = 10*p + 2*p - 10116. List the prime factors of p.
3, 281
What are the prime factors of (-43)/(-258) + (-48947)/(-6)?
2, 4079
Let a(y) = 53*y**2 + 24*y - 80. What are the prime factors of a(9)?
43, 103
Let p be 5 + -71*(2 + 2 - 1). Let j = p - -437. What are the prime factors of j?
229
Let g(c) = 2222*c + 436. What are the prime factors of g(4)?
2, 3, 7, 37
Suppose 163*d + 348 = 164*d. Let c = d - 160. List the prime factors of c.
2, 47
Suppose -98*v + 96*v - 5*j = -29044, -4*v + 58032 = -4*j. List the prime factors of v.
2, 907
Suppose -21*v = 22636 + 3005. Let x = v - -2655. List the prime factors of x.
2, 3, 239
Suppose -42*z - 18936 = -16*s + 14*s, 18567 = 2*s - z. What are the prime factors of s?
3, 1031
Let m be ((-26)/39)/(1/(-6)). Suppose -n = m*n - 55. Suppose n*f - 1334 = -47. What are the prime factors of f?
3, 13
Suppose -359*v = -421*v + 214520. What are the prime factors of v?
2, 5, 173
Let l(a) = 1052 - 1055 - 2*a + 7*a. Let d be l(9). Suppose -17 = -o - f + 4, 2*f = 2*o - d. What are the prime factors of o?
3, 7
Suppose 3*a - 75 = 2*a. Let s = 63 - a. List the prime factors of 5*(1 + 23)*(-15)/s.
2, 3, 5
Let t(h) = 39*h**3 - 5*h**2 + 5*h - 5. Let j(k) = 57*k - 339. Let i be j(6). List the prime factors of t(i).
2, 509
Let z(p) = -p**3 + 10*p**2 - p + 17. Let b be z(10). What are the prime factors of ((-42)/b)/(-3)*277?
2, 277
What are the prime factors of -8*(68568/192)/(3/(-6))?
2, 2857
Let v be 804/28 - (2 - 48/21). Suppose 30*d = v*d. Suppose -5*w + d = -f + 2, -w + 2 = f. List the prime factors of f.
2
Let r = -5 + 9. Suppose f + 228 = r*f + 5*b, 3*b + 90 = f. Let o = 154 - f. List the prime factors of o.
73
Let z(c) = -9*c**3 - 16*c**2 + 42*c + 73. List the prime factors of z(-17).
2, 3, 541
Let k(x) = 2026*x - 2131. What are the prime factors of k(5)?
19, 421
Let k(o) = 2*o**2 - 4*o - 13. Let c be ((-12)/5)/(3 + (-486)/160). Suppose 0 = -9*n + 10 - c. List the prime factors of k(n).
83
List the prime factors of -18 + 4594 - 18/((-9)/3).
2, 29, 79
Let u = 1140 + 2180. Suppose 9*b - 5*b = -2*j + 3322, 4*b + 4*j - u = 0. What are the prime factors of b?
3, 277
Suppose 5*l - 56312 = 4*h + 40971, -h - 97277 = -5*l. What are the prime factors of l?
3, 5, 1297
Suppose -4 - 76 = -5*n. Let h = n + -12. Suppose i = -3*s - 0*s + 51, 0 = 5*i + h*s - 299. What are the prime factors of i?
3, 7
Suppose -17719 = -18*m + 9713. List the prime factors of m.
2, 3, 127
Let t(i) = i**3 + 103*i**2 - 150*i - 2834. What are the prime factors of t(-100)?
2, 29, 727
Let b(p) = 15*p + 1. Let i be b(-1). Let r be 12/9 + i/(-21). Suppose -4*z + 134 = -r*z. List the prime factors of z.
67
Let l(t) = -16899*t - 17. What are the prime factors of l(-3)?
2, 5, 7, 181
Let n(b) = -b**3 + 7*b**2 + 6*b + 19. Let g be n(8). Suppose -z = -r + g*z + 12, -4*r - 4*z = -28. What are the prime factors of r/(-8)*(-1 - 236)?
3, 79
Suppose -117865 + 18245 = -5*y - 2*h, 5*h + 25 = 0. What are the prime factors of y?
2, 3, 41
Let s(f) = 31*f - 7. Let c = -9 - -14. Let n be s(c). Let p = -72 + n. List the prime factors of p.
2, 19
Let v(x) = -5*x**3 - 11*x**2 + 11*x + 12. List the prime factors of v(-12).
2, 3, 17
Let o(b) = -19842*b + 109. List the pr